y?
7
Suppose -i + 6 = 2. Suppose i*p = 1408 - 496. What is the hundreds digit of p?
2
Let z(y) = -7*y + 102. What is the units digit of z(-18)?
8
Suppose -5*x = -9*x + 460. Suppose -q - 3*q = -c - x, 4*c = 2*q - 40. What is the units digit of q?
0
Suppose 2*w + 3*y - y - 14 = 0, -3*w + 17 = y. Let b(f) = f - w*f - f + f + 3. What is the units digit of b(-2)?
1
What is the hundreds digit of (876 + 18)*(-20)/(-15)?
1
Let q(x) = x**3 + 7*x**2 + 5*x + 2. Let b be q(-6). Let p(g) = g**2 - 2*g - 22. What is the units digit of p(b)?
6
Suppose -4*a + 0*q - 30 = -3*q, 2*a + 20 = -q. Let t = a + 71. What is the tens digit of t?
6
Let f be (-4)/10 - 9572*(-3)/(-60). Let t = f + 677. What is the units digit of t?
8
Suppose 5*s - y = -2*y + 2032, -s + 398 = 3*y. What is the tens digit of s?
0
Suppose -6*t + 2668 = -2*t. What is the units digit of t?
7
Let k(c) = 3*c + 9. Let m(x) = -3*x - 10. Let h(t) = 4*k(t) + 5*m(t). Let a be h(-6). Suppose 0 = -2*l + 6, -4*l + 196 = a*f + 12. What is the tens digit of f?
4
Let j = -47 + 51. Suppose -5*r + j*d = -471 - 423, 5 = -5*d. What is the tens digit of r?
7
Suppose -2*g + 3795 = g. What is the thousands digit of g?
1
Let l(q) = 9*q - 63. Let w be l(7). Suppose w*b + 3*t = -5*b + 708, 426 = 3*b + 3*t. What is the tens digit of b?
4
Let i(h) = -3*h - 6. Let a be i(-3). Suppose -7*o + a*o = -60. What is the tens digit of (-5)/o*44*-3?
4
Suppose -5*n + 15533 = -3*r + 5503, -2*r = 5*n - 10005. What is the units digit of n?
3
Suppose -i + 172 = 2*u, 0 = -4*u + u - 3. Let d = -90 + i. What is the tens digit of d?
8
What is the units digit of (-1305 + -1 + -5)/(-1)?
1
Let x(c) = c**3 - 12*c**2 - c + 13. Let o(f) = f**3 - 11*f**2 - 2*f + 13. Let i(d) = -3*o(d) + 2*x(d). What is the units digit of i(7)?
3
Suppose 3*m = 8*m. Suppose -5*j + 3*v + 260 = m, 0*v - 4*v = 4*j - 176. What is the units digit of j?
9
Suppose 0 = -g - 1, -4*q + 748 = -g - 5. Let c = q + -127. What is the tens digit of c?
6
Suppose 3*p + 2*p = -3*o + 12, -4*p - 16 = -4*o. Let m be ((-30)/25)/(o/(-30)). Suppose m*b + 21 = 10*b. What is the tens digit of b?
2
Let q(c) = c**3 + 6*c**2 + 3*c - 1. Let p be q(-6). Let x = -12 - p. Let k = x + -2. What is the units digit of k?
5
Let n = 12 + -7. Suppose n*z + 18 = -4*m + 3*m, -3*m - 5*z = 14. What is the tens digit of -39*(4/(-6))/m?
1
Let i(n) = -n**3 + 11*n**2 - n + 13. Let o be i(11). Let x be (1/o)/(13/(-468)). Let j = -15 - x. What is the units digit of j?
3
Let j = 25 - 5. Suppose 0 = 5*t - j, -g - 4*g - 5*t + 835 = 0. What is the hundreds digit of g?
1
Suppose -14*s + 10401 = -9661. What is the thousands digit of s?
1
Let r(h) = -h**2 + 19*h - 18. Suppose -5*v + v = 5*p - 40, 4*v - 40 = 4*p. Let j be r(v). Let d = 105 - j. What is the units digit of d?
3
Let p(m) = -7*m**3 - 5*m**2 + 3*m + 16. Let v(u) = 20*u**3 + 15*u**2 - 8*u - 47. Let r(t) = -17*p(t) - 6*v(t). What is the hundreds digit of r(-7)?
1
Suppose 0 = 7*i - 2*i - 25. Suppose c - 14 = i*q, -3*c + 84 = -0*c - q. Let j = c - 3. What is the tens digit of j?
2
Suppose -10*u - 25 = -65. Suppose -252 = -4*m + 4*i + 80, m - 98 = u*i. What is the tens digit of m?
7
Let u = -399 - 3. What is the tens digit of (u/(-9))/((-8)/(-12))?
6
Let x(k) = -39*k + 154. What is the tens digit of x(-11)?
8
Suppose 2*h + 4*d = -h + 2803, 5*h - 4691 = 3*d. What is the tens digit of h?
3
Suppose -z - 3*o + 69 = 0, 334 = 5*z + 2*o + 2*o. Let c be z/55*(-5)/(-2). Suppose 9 = c*k - 69. What is the units digit of k?
6
Let t = 3715 - -1504. What is the thousands digit of t?
5
Let m(t) = -9*t + 49. Let d be m(2). Let r be 4/2*9/6. Suppose -g - r = -d. What is the units digit of g?
8
Let q = -546 + 3663. What is the units digit of q?
7
Suppose 0*h = 4*f + h - 6137, -f - 3*h = -1548. What is the tens digit of f/91 + 4/26?
1
Let k(g) = 2*g - 2. Let b be k(-5). Let p be (-6)/(-9) + (-40)/b. Let z = p - -9. What is the tens digit of z?
1
Let b be (6/8)/((-3)/(-16)). Suppose b*p - 215 = 65. What is the units digit of p?
0
Suppose 5897 = 3*d + 617. What is the hundreds digit of d?
7
Let r be ((-16)/(-24))/((-2)/(-9)). Let x = r + 1. Suppose 0 = -x*k + 89 + 35. What is the units digit of k?
1
Let m(k) = 2*k**2 - 2*k - 5. Let z be m(3). Suppose z*a - 4*a = 4*u + 13, -2*a = -3*u - 9. What is the units digit of a?
3
Let i be 10/2*((-12)/10 + 2). Suppose i*l + 199 = 5*l. What is the hundreds digit of l?
1
Let z(x) = -x + 11. Let o be z(7). Suppose -o*u = 4*j - 248, -6*u + 2*u + 5*j + 293 = 0. What is the units digit of u?
7
Let g be -9*((-4)/(-12) + -1). Suppose 2*n + g = 0, 4*l - 117 = l + 5*n. What is the tens digit of l?
3
Let i(h) = -10*h**2 + 5*h - 13. Let p be i(6). Let l = -206 - p. Suppose 100 = 4*z + 3*w, -5*w - l = -4*z - 37. What is the tens digit of z?
2
Let o be -2*(1 + (-75)/(-6)). Let n be o*5/(-3 - 2). Suppose 157 = 3*d + v, 2*d - 3*v = n + 85. What is the units digit of d?
3
Let d = -7 + 26. Suppose -d + 13 = -x. What is the units digit of 156/7 + x/(-21)?
2
Suppose 24*l = 20*l + 2*m + 7066, -4*m = -3*l + 5292. What is the tens digit of l?
6
Let o = -40 - 0. Let v be (1*-4)/(8/o). Suppose 0 = -5*p - d + v + 35, 4*p + 5*d = 65. What is the tens digit of p?
1
Suppose -3*d = -d + 3*a - 3, a = 3*d - 21. Let s(z) = 5*z**2 - 11*z + 19. What is the hundreds digit of s(d)?
1
Suppose 2*s - 3*r - 20 = 0, -3*s + 47 = r + 3*r. Suppose -s*j = -9*j - 444. What is the tens digit of j?
1
Suppose -6*h - h - 14 = 0. What is the tens digit of (386/(-4))/((-5)/h + -3)?
9
Suppose -5*f = -4*a + 13830, 3445 = a + 5*f - 0*f. What is the thousands digit of a?
3
Let p(c) = c + 8. Let d(z) = -2*z - 7. Let u(j) = 5*d(j) + 4*p(j). Let y be u(-8). Let n = y - 32. What is the tens digit of n?
1
Let t = 14 - 9. Let g(v) = v**2 + 1. Let w(i) = 6*i**2 - i - 7. Let b(u) = -4*g(u) + w(u). What is the units digit of b(t)?
4
Suppose 30375 = -25*q + 52*q. What is the units digit of q?
5
Let c = 2 - -1. Suppose 3*o - 105 = -2*k - 3, c*k - 153 = -o. Let l = -14 + k. What is the tens digit of l?
3
Let i(n) = -5*n + 14. Let o be i(5). Let t(j) = -j**3 - 10*j**2 + 35. What is the hundreds digit of t(o)?
1
Suppose 0 = -2*w - 0*w. Suppose 2*t - 1 + 3 = w. What is the units digit of 1 - -2 - t*3?
6
Suppose -2*r + 24 = -6. Let o = 99 + -99. Suppose 4*y - r - 5 = o. What is the units digit of y?
5
Suppose -w + 216 = -2*a, 2*w - a = 68 + 370. What is the tens digit of w?
2
Let t(u) = 13*u - 6. Let c be -7*(-5)/(3 - -2). What is the tens digit of t(c)?
8
Suppose -4*x + x + 3*d = -123, -4*d = 5*x - 187. Suppose 5*t + 52 = 2*g, -30 = -3*g + 3*t + x. What is the tens digit of g?
2
Let i(o) = o - 2*o + 1 - 2*o**2 + o - 153*o**3. Let q be i(-1). What is the tens digit of (2/4)/(4/q)?
1
Suppose -4*z + 3*r - 18 = 0, 3*r + 0 - 3 = -z. What is the tens digit of 4 - (-16 + z + -3)?
2
Suppose -26 = 7*b - 5. Let g(z) = z**3 + 3*z**2 - 3*z. What is the units digit of g(b)?
9
Let h(f) = 185*f**2 - 8*f + 10. What is the tens digit of h(2)?
3
Let w(q) = -1 + q**3 + 0*q**3 + 27*q**3 + q + 0. What is the tens digit of w(1)?
2
Let i(g) = 5*g - 5. Let k be 6/3*10/4. Let o be i(k). Let b = -18 + o. What is the units digit of b?
2
Suppose 3*i - 6 = i. Suppose -m = z + z - 168, i*z = 2*m + 266. Let y = -60 + z. What is the units digit of y?
6
Let l be (-2*3)/((-4)/382). Suppose 4*o = l - 161. What is the tens digit of o?
0
Suppose 0 = -5*y + 1 - 61. Let d = 71 + y. What is the units digit of d?
9
Let f be (-720)/27*(-36)/(-10). Let t = -37 - f. What is the units digit of t?
9
Suppose -78*g = -80*g + 808. What is the hundreds digit of g?
4
Let r(z) = -516*z + 41. What is the hundreds digit of r(-2)?
0
Let k(s) be the second derivative of -27*s**5/10 + s**3/6 - 11*s. Let h be k(1). Let b = 95 + h. What is the tens digit of b?
4
Let x(j) = -50*j - 41. Let w be x(-6). Suppose 4*o - w = -47. What is the units digit of o?
3
Let r(a) = a**3 - 5*a**2 + 4*a. Let f be r(4). Suppose 23 = -t - 5*q, -5*t - 23 = 2*q - f*q. Let o = t + 20. What is the tens digit of o?
1
Let z(i) = i**2 - 6*i - 2. Let u(s) = -7*s**3 + s. Let c be u(-1). Let b be z(c). What is the units digit of 7 + b/2 + 1?
7
Let u = 3296 - 1236. Suppose 7*b - u = -3*b. What is the units digit of b?
6
Let u(f) = f**2 - f. Let i(s) = 5*s**2 + 4*s + 7. Let a(y) = i(y) + 2*u(y). What is